{"id":1003,"date":"2019-09-11T11:35:04","date_gmt":"2019-09-11T09:35:04","guid":{"rendered":"https:\/\/zagros-centre.org\/?page_id=1003"},"modified":"2024-08-11T19:31:30","modified_gmt":"2024-08-11T17:31:30","slug":"la-declaration-universelle-des-droits-de-lhomme","status":"publish","type":"page","link":"https:\/\/zagros-centre.org\/?page_id=1003","title":{"rendered":"La D\u00e9claration universelle des droits de l&rsquo;homme"},"content":{"rendered":"<blockquote>\n<h3><a href=\"https:\/\/zagros-centre.org\/wp-content\/uploads\/2019\/09\/Declaration-Universelle-Droits-de-l-Hommes.pdf\"><img loading=\"lazy\" decoding=\"async\" class=\"wp-image-620 alignnone\" src=\"https:\/\/zagros-centre.org\/wp-content\/uploads\/2019\/08\/pdf-189x240.png\" alt=\"\" width=\"39\" height=\"51\" \/><\/a><\/h3>\n<\/blockquote>\n<div class=\"col-md-9\">\n<div class=\"col-md-12\">\n<h3 style=\"text-align: left;\"><strong>Pr\u00e9ambule<\/strong><\/h3>\n<p>Consid\u00e9rant\u00a0que la reconnaissance de la dignit\u00e9 inh\u00e9rente \u00e0 tous les membres de la famille humaine et de leurs droits \u00e9gaux et inali\u00e9nables constitue le fondement de la libert\u00e9, de la justice et de la paix dans le monde.<\/p>\n<p>Consid\u00e9rant\u00a0que la m\u00e9connaissance et le m\u00e9pris des droits de l&rsquo;homme ont conduit \u00e0 des actes de barbarie qui r\u00e9voltent la conscience de l&rsquo;humanit\u00e9 et que l&rsquo;av\u00e8nement d&rsquo;un monde o\u00f9 les \u00eatres humains seront libres de parler et de croire, lib\u00e9r\u00e9s de la terreur et de la mis\u00e8re, a \u00e9t\u00e9 proclam\u00e9 comme la plus haute aspiration de l&rsquo;homme.<\/p>\n<p>Consid\u00e9rant\u00a0qu&rsquo;il est essentiel que les droits de l&rsquo;homme soient prot\u00e9g\u00e9s par un r\u00e9gime de droit pour que l&rsquo;homme ne soit pas contraint, en supr\u00eame recours, \u00e0 la r\u00e9volte contre la tyrannie et l&rsquo;oppression.<\/p>\n<p>Consid\u00e9rant\u00a0qu&rsquo;il est essentiel d&rsquo;encourager le d\u00e9veloppement de relations amicales entre nations.<\/p>\n<p>Consid\u00e9rant\u00a0que dans la Charte les peuples des Nations Unies ont proclam\u00e9 \u00e0 nouveau leur foi dans les droits fondamentaux de l&rsquo;homme, dans la dignit\u00e9 et la valeur de la personne humaine, dans l&rsquo;\u00e9galit\u00e9 des droits des hommes et des femmes, et qu&rsquo;ils se sont d\u00e9clar\u00e9s r\u00e9solus \u00e0 favoriser le progr\u00e8s social et \u00e0 instaurer de meilleures conditions de vie dans une libert\u00e9 plus grande.<\/p>\n<p>Consid\u00e9rant\u00a0que les Etats Membres se sont engag\u00e9s \u00e0 assurer, en coop\u00e9ration avec l&rsquo;Organisation des Nations Unies, le respect universel et effectif des droits de l&rsquo;homme et des libert\u00e9s fondamentales.<\/p>\n<p>Consid\u00e9rant\u00a0qu&rsquo;une conception commune de ces droits et libert\u00e9s est de la plus haute importance pour remplir pleinement cet engagement.<\/p>\n<p><strong>L&rsquo;Assembl\u00e9e g\u00e9n\u00e9rale proclame la pr\u00e9sente D\u00e9claration universelle des droits de l&rsquo;homme<\/strong>\u00a0comme l&rsquo;id\u00e9al commun \u00e0 atteindre par tous les peuples et toutes les nations afin que tous les individus et tous les organes de la soci\u00e9t\u00e9, ayant cette D\u00e9claration constamment \u00e0 l&rsquo;esprit, s&rsquo;efforcent, par l&rsquo;enseignement et l&rsquo;\u00e9ducation, de d\u00e9velopper le respect de ces droits et libert\u00e9s et d&rsquo;en assurer, par des mesures progressives d&rsquo;ordre national et international, la reconnaissance et l&rsquo;application universelles et effectives, tant parmi les populations des Etats Membres eux-m\u00eames que parmi celles des territoires plac\u00e9s sous leur juridiction.<\/p>\n<h4>Article premier<\/h4>\n<p>Tous les \u00eatres humains naissent libres et \u00e9gaux en dignit\u00e9 et en droits. Ils sont dou\u00e9s de raison et de conscience et doivent agir les uns envers les autres dans un esprit de fraternit\u00e9.<\/p>\n<h4>Article 2<\/h4>\n<p>1. Chacun peut se pr\u00e9valoir de tous les droits et de toutes les libert\u00e9s proclam\u00e9s dans la pr\u00e9sente D\u00e9claration, sans distinction aucune, notamment de race, de couleur, de sexe, de langue, de religion, d&rsquo;opinion politique ou de toute autre opinion, d&rsquo;origine nationale ou sociale, de fortune, de naissance ou de toute autre situation.<br \/>\n2.\u00a0De plus, il ne sera fait aucune distinction fond\u00e9e sur le statut politique, juridique ou international du pays ou du territoire dont une personne est ressortissante, que ce pays ou territoire soit ind\u00e9pendant, sous tutelle, non autonome ou soumis \u00e0 une limitation quelconque de souverainet\u00e9.<\/p>\n<h4>Article 3<\/h4>\n<p>Tout individu a droit \u00e0 la vie, \u00e0 la libert\u00e9 et \u00e0 la s\u00fbret\u00e9 de sa personne.<\/p>\n<h4>Article 4<\/h4>\n<p>Nul ne sera tenu en esclavage ni en servitude; l&rsquo;esclavage et la traite des esclaves sont interdits sous toutes leurs formes.<\/p>\n<h4>Article 5<\/h4>\n<p>Nul ne sera soumis \u00e0 la torture, ni \u00e0 des peines ou traitements cruels, inhumains ou d\u00e9gradants.<\/p>\n<h4>Article 6<\/h4>\n<p>Chacun a le droit \u00e0 la reconnaissance en tous lieux de sa personnalit\u00e9 juridique.<\/p>\n<h4>Article 7<\/h4>\n<p>Tous sont \u00e9gaux devant la loi et ont droit sans distinction \u00e0 une \u00e9gale protection de la loi. Tous ont droit \u00e0 une protection \u00e9gale contre toute discrimination qui violerait la pr\u00e9sente D\u00e9claration et contre toute provocation \u00e0 une telle discrimination.<\/p>\n<h4>Article 8<\/h4>\n<p>Toute personne a droit \u00e0 un recours effectif devant les juridictions nationales comp\u00e9tentes contre les actes violant les droits fondamentaux qui lui sont reconnus par la constitution ou par la loi.<\/p>\n<h4>Article 9<\/h4>\n<p>Nul ne peut \u00eatre arbitrairement arr\u00eat\u00e9, d\u00e9tenu ou exil\u00e9.<\/p>\n<h4>Article 10<\/h4>\n<p>Toute personne a droit, en pleine \u00e9galit\u00e9, \u00e0 ce que sa cause soit entendue \u00e9quitablement et publiquement par un tribunal ind\u00e9pendant et impartial, qui d\u00e9cidera, soit de ses droits et obligations, soit du bien-fond\u00e9 de toute accusation en mati\u00e8re p\u00e9nale dirig\u00e9e contre elle.<\/p>\n<h4>Article 11<\/h4>\n<p>1. Toute personne accus\u00e9e d&rsquo;un acte d\u00e9lictueux est pr\u00e9sum\u00e9e innocente jusqu&rsquo;\u00e0 ce que sa culpabilit\u00e9 ait \u00e9t\u00e9 l\u00e9galement \u00e9tablie au cours d&rsquo;un proc\u00e8s public o\u00f9 toutes les garanties n\u00e9cessaires \u00e0 sa d\u00e9fense lui auront \u00e9t\u00e9 assur\u00e9es.<br \/>\n2. Nul ne sera condamn\u00e9 pour des actions ou omissions qui, au moment o\u00f9 elles ont \u00e9t\u00e9 commises, ne constituaient pas un acte d\u00e9lictueux d&rsquo;apr\u00e8s le droit national ou international. De m\u00eame, il ne sera inflig\u00e9 aucune peine plus forte que celle qui \u00e9tait applicable au moment o\u00f9 l&rsquo;acte d\u00e9lictueux a \u00e9t\u00e9 commis.<\/p>\n<h4>Article 12<\/h4>\n<p>Nul ne sera l&rsquo;objet d&rsquo;immixtions arbitraires dans sa vie priv\u00e9e, sa famille, son domicile ou sa correspondance, ni d&rsquo;atteintes \u00e0 son honneur et \u00e0 sa r\u00e9putation. Toute personne a droit \u00e0 la protection de la loi contre de telles immixtions ou de telles atteintes.<\/p>\n<h4>Article 13<\/h4>\n<p>1. Toute personne a le droit de circuler librement et de choisir sa r\u00e9sidence \u00e0 l&rsquo;int\u00e9rieur d&rsquo;un Etat.<br \/>\n2. Toute personne a le droit de quitter tout pays, y compris le sien, et de revenir dans son pays.<\/p>\n<h4>Article 14<\/h4>\n<p>1. Devant la pers\u00e9cution, toute personne a le droit de chercher asile et de b\u00e9n\u00e9ficier de l&rsquo;asile en d&rsquo;autres pays.<br \/>\n2. Ce droit ne peut \u00eatre invoqu\u00e9 dans le cas de poursuites r\u00e9ellement fond\u00e9es sur un crime de droit commun ou sur des agissements contraires aux buts et aux principes des Nations Unies.<\/p>\n<h4>Article 15<\/h4>\n<p>1. Tout individu a droit \u00e0 une nationalit\u00e9.<br \/>\n2. Nul ne peut \u00eatre arbitrairement priv\u00e9 de sa nationalit\u00e9, ni du droit de changer de nationalit\u00e9.<\/p>\n<h4>Article 16<\/h4>\n<p>1. A partir de l&rsquo;\u00e2ge nubile, l&rsquo;homme et la femme, sans aucune restriction quant \u00e0 la race, la nationalit\u00e9 ou la religion, ont le droit de se marier et de fonder une famille. Ils ont des droits \u00e9gaux au regard du mariage, durant le mariage et lors de sa dissolution.<br \/>\n2. Le mariage ne peut \u00eatre conclu qu&rsquo;avec le libre et plein consentement des futurs \u00e9poux.<br \/>\n3. La famille est l&rsquo;\u00e9l\u00e9ment naturel et fondamental de la soci\u00e9t\u00e9 et a droit \u00e0 la protection de la soci\u00e9t\u00e9 et de l&rsquo;Etat.<\/p>\n<h4>Article 17<\/h4>\n<p>1. Toute personne, aussi bien seule qu&rsquo;en collectivit\u00e9, a droit \u00e0 la propri\u00e9t\u00e9.<br \/>\n2. Nul ne peut \u00eatre arbitrairement priv\u00e9 de sa propri\u00e9t\u00e9.<\/p>\n<h4>Article 18<\/h4>\n<p>Toute personne a droit \u00e0 la libert\u00e9 de pens\u00e9e, de conscience et de religion ; ce droit implique la libert\u00e9 de changer de religion ou de conviction ainsi que la libert\u00e9 de manifester sa religion ou sa conviction seule ou en commun, tant en public qu&rsquo;en priv\u00e9, par l&rsquo;enseignement, les pratiques, le culte et l&rsquo;accomplissement des rites.<\/p>\n<h4>Article 19<\/h4>\n<p>Tout individu a droit \u00e0 la libert\u00e9 d&rsquo;opinion et d&rsquo;expression, ce qui implique le droit de ne pas \u00eatre inqui\u00e9t\u00e9 pour ses opinions et celui de chercher, de recevoir et de r\u00e9pandre, sans consid\u00e9rations de fronti\u00e8res, les informations et les id\u00e9es par quelque moyen d&rsquo;expression que ce soit.<\/p>\n<h4>Article 20<\/h4>\n<p>1. Toute personne a droit \u00e0 la libert\u00e9 de r\u00e9union et d&rsquo;association pacifiques.<br \/>\n2. Nul ne peut \u00eatre oblig\u00e9 de faire partie d&rsquo;une association.<\/p>\n<h4>Article 21<\/h4>\n<p>1. Toute personne a le droit de prendre part \u00e0 la direction des affaires publiques de son pays, soit directement, soit par l&rsquo;interm\u00e9diaire de repr\u00e9sentants librement choisis.<br \/>\n2. Toute personne a droit \u00e0 acc\u00e9der, dans des conditions d&rsquo;\u00e9galit\u00e9, aux fonctions publiques de son pays.<br \/>\n3. La volont\u00e9 du peuple est le fondement de l&rsquo;autorit\u00e9 des pouvoirs publics ; cette volont\u00e9 doit s&rsquo;exprimer par des \u00e9lections honn\u00eates qui doivent avoir lieu p\u00e9riodiquement, au suffrage universel \u00e9gal et au vote secret ou suivant une proc\u00e9dure \u00e9quivalente assurant la libert\u00e9 du vote.<\/p>\n<h4>Article 22<\/h4>\n<p>Toute personne, en tant que membre de la soci\u00e9t\u00e9, a droit \u00e0 la s\u00e9curit\u00e9 sociale ; elle est fond\u00e9e \u00e0 obtenir la satisfaction des droits \u00e9conomiques, sociaux et culturels indispensables \u00e0 sa dignit\u00e9 et au libre d\u00e9veloppement de sa personnalit\u00e9, gr\u00e2ce \u00e0 l&rsquo;effort national et \u00e0 la coop\u00e9ration internationale, compte tenu de l&rsquo;organisation et des ressources de chaque pays.<\/p>\n<h4>Article 23<\/h4>\n<p>1. Toute personne a droit au travail, au libre choix de son travail, \u00e0 des conditions \u00e9quitables et satisfaisantes de travail et \u00e0 la protection contre le ch\u00f4mage.<br \/>\n2. Tous ont droit, sans aucune discrimination, \u00e0 un salaire \u00e9gal pour un travail \u00e9gal.<br \/>\n3. Quiconque travaille a droit \u00e0 une r\u00e9mun\u00e9ration \u00e9quitable et satisfaisante lui assurant ainsi qu&rsquo;\u00e0 sa famille une existence conforme \u00e0 la dignit\u00e9 humaine et compl\u00e9t\u00e9e, s&rsquo;il y a lieu, par tous autres moyens de protection sociale.<br \/>\n4. Toute personne a le droit de fonder avec d&rsquo;autres des syndicats et de s&rsquo;affilier \u00e0 des syndicats pour la d\u00e9fense de ses int\u00e9r\u00eats.<\/p>\n<h4>Article 24<\/h4>\n<p>Toute personne a droit au repos et aux loisirs et notamment \u00e0 une limitation raisonnable de la dur\u00e9e du travail et \u00e0 des cong\u00e9s pay\u00e9s p\u00e9riodiques.<\/p>\n<h4>Article 25<\/h4>\n<p>1. Toute personne a droit \u00e0 un niveau de vie suffisant pour assurer sa sant\u00e9, son bien-\u00eatre et ceux de sa famille, notamment pour l&rsquo;alimentation, l&rsquo;habillement, le logement, les soins m\u00e9dicaux ainsi que pour les services sociaux n\u00e9cessaires ; elle a droit \u00e0 la s\u00e9curit\u00e9 en cas de ch\u00f4mage, de maladie, d&rsquo;invalidit\u00e9, de veuvage, de vieillesse ou dans les autres cas de perte de ses moyens de subsistance par suite de circonstances ind\u00e9pendantes de sa volont\u00e9.<br \/>\n2. La maternit\u00e9 et l&rsquo;enfance ont droit \u00e0 une aide et \u00e0 une assistance sp\u00e9ciales. Tous les enfants, qu&rsquo;ils soient n\u00e9s dans le mariage ou hors mariage, jouissent de la m\u00eame protection sociale.<\/p>\n<h4>Article 26<\/h4>\n<p>1. Toute personne a droit \u00e0 l&rsquo;\u00e9ducation. L&rsquo;\u00e9ducation doit \u00eatre gratuite, au moins en ce qui concerne l&rsquo;enseignement \u00e9l\u00e9mentaire et fondamental. L&rsquo;enseignement \u00e9l\u00e9mentaire est obligatoire. L&rsquo;enseignement technique et professionnel doit \u00eatre g\u00e9n\u00e9ralis\u00e9 ; l&rsquo;acc\u00e8s aux \u00e9tudes sup\u00e9rieures doit \u00eatre ouvert en pleine \u00e9galit\u00e9 \u00e0 tous en fonction de leur m\u00e9rite.<br \/>\n2. L&rsquo;\u00e9ducation doit viser au plein \u00e9panouissement de la personnalit\u00e9 humaine et au renforcement du respect des droits de l&rsquo;homme et des libert\u00e9s fondamentales. Elle doit favoriser la compr\u00e9hension, la tol\u00e9rance et l&rsquo;amiti\u00e9 entre toutes les nations et tous les groupes raciaux ou religieux, ainsi que le d\u00e9veloppement des activit\u00e9s des Nations Unies pour le maintien de la paix.<br \/>\n3. Les parents ont, par priorit\u00e9, le droit de choisir le genre d&rsquo;\u00e9ducation \u00e0 donner \u00e0 leurs enfants.<\/p>\n<h4>Article 27<\/h4>\n<p>1. Toute personne a le droit de prendre part librement \u00e0 la vie culturelle de la communaut\u00e9, de jouir des arts et de participer au progr\u00e8s scientifique et aux bienfaits qui en r\u00e9sultent.<br \/>\n2. Chacun a droit \u00e0 la protection des int\u00e9r\u00eats moraux et mat\u00e9riels d\u00e9coulant de toute production scientifique, litt\u00e9raire ou artistique dont il est l&rsquo;auteur.<\/p>\n<h4>Article 28<\/h4>\n<p>Toute personne a droit \u00e0 ce que r\u00e8gne, sur le plan social et sur le plan international, un ordre tel que les droits et libert\u00e9s \u00e9nonc\u00e9s dans la pr\u00e9sente D\u00e9claration puissent y trouver plein effet.<\/p>\n<h4>Article 29<\/h4>\n<p>1. L&rsquo;individu a des devoirs envers la communaut\u00e9 dans laquelle seule le libre et plein d\u00e9veloppement de sa personnalit\u00e9 est possible.<br \/>\n2. Dans l&rsquo;exercice de ses droits et dans la jouissance de ses libert\u00e9s, chacun n&rsquo;est soumis qu&rsquo;aux limitations \u00e9tablies par la loi exclusivement en vue d&rsquo;assurer la reconnaissance et le respect des droits et libert\u00e9s d&rsquo;autrui et afin de satisfaire aux justes exigences de la morale, de l&rsquo;ordre public et du bien-\u00eatre g\u00e9n\u00e9ral dans une soci\u00e9t\u00e9 d\u00e9mocratique.<br \/>\n3. Ces droits et libert\u00e9s ne pourront, en aucun cas, s&rsquo;exercer contrairement aux buts et aux principes des Nations Unies.<\/p>\n<h4>Article 30<\/h4>\n<p>Aucune disposition de la pr\u00e9sente D\u00e9claration ne peut \u00eatre interpr\u00e9t\u00e9e comme impliquant pour un \u00c9tat, un groupement ou un individu un droit quelconque de se livrer \u00e0 une activit\u00e9 ou d&rsquo;accomplir un acte visant \u00e0 la destruction des droits et libert\u00e9s qui y sont \u00e9nonc\u00e9s.<\/p>\n<\/div>\n<\/div>\n<div class=\"col-md-3\">\n<div class=\"region region-sidebar\">\n<p>&nbsp;<\/p>\n<\/div>\n<\/div>\n","protected":false},"excerpt":{"rendered":"<p>Pr\u00e9ambule Consid\u00e9rant\u00a0que la reconnaissance de la dignit\u00e9 inh\u00e9rente \u00e0 tous les membres de la famille humaine et de leurs droits \u00e9gaux et inali\u00e9nables constitue le fondement de la libert\u00e9, de la justice et de la paix dans le monde. Consid\u00e9rant\u00a0que la m\u00e9connaissance et le m\u00e9pris des droits de l&rsquo;homme ont conduit \u00e0 des actes de &hellip;<\/p>\n","protected":false},"author":1,"featured_media":0,"parent":1008,"menu_order":0,"comment_status":"closed","ping_status":"closed","template":"","meta":{"footnotes":""},"class_list":["post-1003","page","type-page","status-publish",""],"_links":{"self":[{"href":"https:\/\/zagros-centre.org\/index.php?rest_route=\/wp\/v2\/pages\/1003","targetHints":{"allow":["GET"]}}],"collection":[{"href":"https:\/\/zagros-centre.org\/index.php?rest_route=\/wp\/v2\/pages"}],"about":[{"href":"https:\/\/zagros-centre.org\/index.php?rest_route=\/wp\/v2\/types\/page"}],"author":[{"embeddable":true,"href":"https:\/\/zagros-centre.org\/index.php?rest_route=\/wp\/v2\/users\/1"}],"replies":[{"embeddable":true,"href":"https:\/\/zagros-centre.org\/index.php?rest_route=%2Fwp%2Fv2%2Fcomments&post=1003"}],"version-history":[{"count":0,"href":"https:\/\/zagros-centre.org\/index.php?rest_route=\/wp\/v2\/pages\/1003\/revisions"}],"up":[{"embeddable":true,"href":"https:\/\/zagros-centre.org\/index.php?rest_route=\/wp\/v2\/pages\/1008"}],"wp:attachment":[{"href":"https:\/\/zagros-centre.org\/index.php?rest_route=%2Fwp%2Fv2%2Fmedia&parent=1003"}],"curies":[{"name":"wp","href":"https:\/\/api.w.org\/{rel}","templated":true}]}}